8*l, t - 3*l - 337 = 19414. Is t a composite number?
False
Let k(f) = -88*f**3 + 39*f**2 + 436*f + 31. Is k(-12) a prime number?
False
Let r(u) = -2*u**2 - 21*u + 10. Let s(i) = -2*i**2 - 20*i + 11. Let a(b) = -6*r(b) + 5*s(b). Let w(v) = 31*v + 12. Let j be w(-1). Is a(j) prime?
True
Let h = 642 + -640. Let y(b) = -b**2 - 6*b - 6. Let f be y(-4). Suppose c + g = f*g + 307, h*c = -g + 614. Is c a composite number?
False
Let l = 83323 - -209250. Is l a prime number?
True
Let s(k) = -3*k**2 - 93*k + 14. Let u be s(-31). Let b(z) = z + 6. Let l be b(-5). Is (u/12 - l) + (-2237)/(-6) prime?
True
Suppose i - 35280 - 21019 = 0. Is i composite?
False
Suppose 8*v = 37 - 5. Suppose v*h - 901 = 2911. Is h a composite number?
False
Let h = -12 - -12. Suppose 5*j + 3*z - 89 = h, -3*j - 29 = -4*j + 5*z. Suppose -j*d - 78 = -21*d. Is d a composite number?
True
Let c = -7843 + -2031. Let n be (-3)/6*c + -4. Suppose i = -5*f + 5*i + 12307, 5*i = 2*f - n. Is f a composite number?
False
Let q(k) = -3668*k - 27. Let g be q(-3). Let f = g + -2710. Is f a prime number?
False
Let y be 597*1*(-6)/(-18). Let z = 250 + y. Is z a composite number?
False
Let i = -321148 + 1080839. Is i prime?
True
Is 12*11/396*212127 a prime number?
True
Suppose 750 = l + 745, n - 4*l - 136487 = 0. Is n composite?
True
Suppose 0 = -740*l + 687*l + 2172629. Is l composite?
False
Let v(p) = 12*p**2 - p**3 - 16*p**2 + 5*p - 8*p**2 - 8. Let r be v(-11). Let o = 33 - r. Is o a composite number?
True
Let g(u) = -958*u + 33. Suppose -8 - 8 = 8*f. Is g(f) prime?
True
Suppose -5*n - 5*m = -995, -824 + 33 = -4*n - 5*m. Suppose 0 = -i + 273 + n. Let v = -212 + i. Is v prime?
False
Let j = -1189 - -1942. Suppose 5*d - j = 1192. Is d composite?
False
Suppose 0 = 4*d - 2*n - 19814, 5*d - 1124 = -5*n + 23651. Let s = 8341 - d. Let f = -1718 + s. Is f a prime number?
True
Let s(k) = 474*k**3 - 3*k**2 + k + 1. Let c be s(1). Suppose -481 = -g + 3*p, -5*g + 6*g - 5*p = c. Is g composite?
True
Let n = -2529 + 9512. Is n prime?
True
Suppose 1 = -2*a - 4*u - 1, 0 = 2*u + 2. Let y be (6 - (-4)/(-4))/a. Suppose -y*s = 4*n - 1989, -3*s + 2*n + 2*n + 1187 = 0. Is s a composite number?
False
Let z = 6135 - 2926. Suppose 932 = -3*p + z. Let v = p - -92. Is v a prime number?
False
Let w = -3 + 0. Let c be (-3)/(w + 0) + 765. Suppose -t + 6*u + c = 2*u, t - 5*u - 763 = 0. Is t composite?
True
Let j = 67597 - 17185. Suppose 4*b + j = 16*b. Is b a composite number?
False
Suppose 1791444 = -8*b + 11509276. Is b a prime number?
True
Suppose 5*t = -b + 498, 4*t - 4*b - 110 = 274. Suppose -t = -2*x + 993. Suppose -2*g = 5*f - 1056, -g + x - 19 = 3*f. Is g prime?
False
Let h(y) = 19 - y - 2*y - 16 + y. Let w be h(0). Suppose 2*v = -w*i + 505, 2*i + 4 = 2. Is v prime?
False
Is (182213/(-3))/((-20)/(-84) + (-8)/14) a prime number?
False
Is (-2)/(-30) + (-29634864)/(-315) a prime number?
True
Suppose -3487417 = -9*z - 8*z + 1525186. Is z composite?
False
Let h(a) = 6*a + 4. Let q be h(5). Is (28/7)/(4*1/q) a composite number?
True
Let f be (24/16)/((3/25926)/(-1)). Let p = 5018 + f. Is 2*(-3 + p/(-10)) composite?
False
Let s(w) = -w**3 - 40*w**2 + 42*w + 37. Let o be s(-41). Suppose 5*m + 5 = 4*m. Is (o - m)/(1/1514) a prime number?
False
Suppose 0 = -4*l + 2*j - 116, -j - 17 = 3*l + 75. Let r = -27 - l. Suppose r*b + 382 = 3*d + 2581, 3*b + 5*d - 2231 = 0. Is b a composite number?
True
Let d(b) be the first derivative of -26 + b + 0*b**3 + 9/2*b**4 + 0*b**2. Is d(2) prime?
False
Let x(c) = -30*c**3 - 2*c**2 - 3*c + 26. Let v be x(4). Let z = 3592 + v. Is z a prime number?
False
Let a be 6/(-4)*(96/(-18))/2. Suppose a*k - 3*k = 5*d - 4436, -4*d - 2*k = -3546. Is d composite?
False
Suppose -2*h + 216 = d, 0 = 3*d + 6 - 0. Let a = -145 - h. Is (a/(-8))/(2/16) a prime number?
False
Suppose -33926 = -2*h - 3*b, 0 = 49*b - 41*b. Is h a prime number?
True
Let m be -2 - 3/(0 + 15/(-100)). Suppose m*l = 15*l + 645. Is l a composite number?
True
Let r(y) = 66*y - 16*y - 1 - 9. Let f be r(4). Let s = 663 - f. Is s composite?
True
Let l be 4/6 + 37273/(-9)*-3. Let p = l + -8542. Is p composite?
True
Is (-174304880)/(-295) + -6 + -1 composite?
True
Let i = -71960 + 192805. Is i a prime number?
False
Let f = 663957 - 470342. Is f a prime number?
False
Let m(v) = -1882*v - 1907. Is m(-24) composite?
False
Suppose 3*o - 300822 = -101349. Is o a prime number?
True
Is ((478/(-3))/(-1))/(20 - 190602/9531) prime?
False
Let t(o) = 29*o + 4. Let x(r) be the third derivative of -5*r**4/4 - 2*r**3/3 + 17*r**2. Let f(m) = -5*t(m) - 6*x(m). Is f(9) a prime number?
False
Let p = 78213 - 32866. Is p a prime number?
False
Let p = -14900 - -57387. Is p composite?
False
Let i(u) = 7*u**2 - 60*u + 274. Is i(51) prime?
False
Let t = -576 + -62. Let a(y) = 2*y**3 + 17*y**2 - 31*y + 29. Let c be a(-14). Let i = t - c. Is i a composite number?
True
Let n = 46 + -6. Suppose -y = -2*y + 115. Suppose -39*o - y = -n*o. Is o prime?
False
Let k be ((-4)/10)/((-905)/150 - -6). Is (-2)/2 + -1674*(-8)/k prime?
False
Suppose -3*p + 38 = -19. Suppose -4*h = p*h - 68333. Is h composite?
False
Let g = 38624 - -615779. Is g composite?
True
Let i(j) be the first derivative of 106*j**3/3 - 3*j - 51. Let r be (12/(-10))/((-6)/20). Is i(r) composite?
False
Let n = 236 + -231. Suppose 0 = 5*h + 36*c - 39*c - 58109, 4*h + n*c - 46502 = 0. Is h a prime number?
False
Let k = -39645 - -60434. Is k composite?
False
Let o(i) = -3*i**3 - 7*i**2 + i - 4. Suppose -5*h + 2*g = 23, -6*g - 1 = -5*g. Is o(h) composite?
False
Suppose 3*m + 5*q - 9108 = 0, -5*q - 384 = -369. Is m a composite number?
False
Let k = 148424 + 3279. Is k prime?
True
Let f(q) = q + 40. Let d be f(-6). Let l = 20 - d. Is (-203)/l*(-46)/(-1 - 0) composite?
True
Suppose -15*w = -17*w - 2. Let d be (-4)/(-14)*w*(-15 - -1). Is 35645/20 + 3/d a composite number?
False
Let t = -135419 + 429873. Is t a prime number?
False
Let g be (-1 - 1453)/((-29)/58). Suppose q - 4209 = g. Is q a composite number?
True
Suppose -3*c = 2*a + 7043, -5*a + 5*c - 6678 = 10917. Let m be -2248 + 1 - (-1 + -1 - 2). Let q = m - a. Is q composite?
False
Let j(z) = -z**3 + 3*z**2 - 5*z + 3. Let b be j(3). Let x be ((-8)/14 + b/126)*-6. Suppose x*c = 6*c - 38. Is c a composite number?
False
Is -2*(-3)/(-4)*(-3)/(27/320874) prime?
True
Suppose -24 = -5*s - 4*j, 10*j - 4 = 6*j. Is (1 + 1750/s)*22/11 a prime number?
True
Let z = -1385 - -123. Let i = z + 2077. Is i composite?
True
Let m(p) be the second derivative of 2351*p**5/120 + 19*p**4/24 - 3*p**3/2 + 29*p. Let j(r) be the second derivative of m(r). Is j(2) prime?
True
Let s(w) = 3*w + 17. Let i be s(-5). Suppose -y + 1 = -5*l, i*l + 3*y - 3 = 7*l. Suppose -1777 = -l*f - f. Is f prime?
True
Is (-492)/738 + ((-217126)/(-6) - 0) a composite number?
False
Let n(x) = -x**3 - 12*x**2 - 32*x + 3. Let c be n(-8). Suppose 4*o = -2*d + 2*o + 1762, -2651 = -c*d + o. Is d a prime number?
True
Let i(g) = -5*g - 116. Let l be i(-22). Is 1/l + 96861/18 composite?
False
Let w = 116599 + -6738. Is w prime?
False
Let y = 10283 + -6737. Let n be 10/(-35) + (-102)/(-14). Suppose -n*r = -16*r + y. Is r a prime number?
False
Suppose 3778 = -2*p + 2*w - 10350, 5*w + 7094 = -p. Let h = p + 10368. Is h composite?
False
Let j = 24368 + -3860. Suppose 7*d = -5*d + j. Is d a composite number?
False
Let p = -71151 + 111502. Is p a composite number?
False
Suppose -4*b + 7 = -17. Suppose -b*x = -14*x + 1408. Suppose 0 = -5*p + 54 + x. Is p prime?
False
Let k(l) = 33*l + 34. Let z(o) = -2*o + 1. Let x(s) = k(s) + 6*z(s). Is x(17) composite?
False
Let z(o) = -o**3 + o**2 + 2*o - 1. Let x be z(0). Let t be (4474 - 4/x)/(-2). Is 4/18 - t/9 prime?
False
Let s be 1*((-21)/(-3))/(-1). Let w(l) = -4*l**2 - 6*l - 11. Let b(y) = 12*y**2 + 19*y + 32. Let n(r) = 4*b(r) + 11*w(r). Is n(s) a composite number?
True
Let t(q) = 17*q + 65. Let n be t(0). Suppose 2*m - 66262 = 3*h, n - 73 = -2*h. Is m a prime number?
False
Let i be 12/(-30) + 196/(-10). Let m = i - -32. Is 4/m + (-26890)/(-15) a composite number?
True
Let s = -12816 + 13249. Let w = -3 + 6. Suppose -w*y = 52 - s. Is y prime?
True
Let t(c) = 36*c + c**3 - 19*c + 5 - 25*c**2 + 3*c**2. Is t(22) a prime number?
True
Is (-70691)/(12/8*-1) - (-590)/354 a composite number?
False
